5. Calculate i(119).
0
Let p(o) = -6664*o + 53287. Give p(8).
-25
Let d(n) = 50*n - 729. Give d(-16).
-1529
Let c(z) = -z**2 - 13320*z - 782365. Give c(-59).
34
Let t(p) = -47*p**2 - 75377*p + 93096. What is t(-1605)?
6
Let f(p) = -2*p**2 + 300*p + 663878. What is f(656)?
6
Let d(o) = -o**3 + 30*o**2 + 2761*o - 53581. Determine d(18).
5
Let t(i) = -2*i**3 + 145*i**2 + 167*i - 14850. Calculate t(72).
2358
Let d(u) = -15*u**3 + 28*u**2 - 812*u + 1627. Give d(2).
-5
Let l(d) = 2812*d - 64728. Calculate l(23).
-52
Let d(a) = -a**3 + 66*a**2 - 224*a - 1491. Determine d(62).
-3
Let z(w) = -21011*w - 86060. What is z(-4)?
-2016
Let f(p) = 19230*p + 480648. Determine f(-25).
-102
Let b(n) = -2*n**2 - 397*n - 6659. Give b(-180).
1
Let i(f) = -f**2 - 293*f - 7312. Give i(-267).
-370
Let m(c) = 1110*c**3 - 3*c**2 - 14*c + 16. Give m(1).
1109
Let t(l) = 4554*l + 26559. Give t(-6).
-765
Let v(u) = -u**3 + 327*u**2 - 10272*u + 15186. What is v(292)?
2
Let x(t) = 647*t - 6709. Calculate x(10).
-239
Let m(v) = -1752*v + 776. Give m(1).
-976
Let s(m) = -40651*m + 1097566. Give s(27).
-11
Let n(p) = 6*p**3 + 1086*p**2 - p - 340. What is n(-181)?
-159
Let l(f) = -f**2 + 88*f + 873. Determine l(-10).
-107
Let l(t) = t**3 + 23*t**2 + 92*t - 119. Determine l(-7).
21
Let n(a) = -878*a + 5278. What is n(6)?
10
Let a(t) = -11*t**2 + 525*t + 2419. Determine a(-5).
-481
Let o(w) = -9*w**2 - 571*w + 156. What is o(-66)?
-1362
Let q(m) = m**2 - 164*m + 3053. Determine q(137).
-646
Let o(b) = 227*b + 1526. Calculate o(-1).
1299
Let i(y) = -2*y**3 - 29*y**2 - 306*y - 3554. What is i(-12)?
-602
Let c(h) = 10396*h + 55825. Determine c(-5).
3845
Let f(c) = c**3 - 6*c**2 - 9485*c + 75756. Calculate f(8).
4
Let p(w) = -37*w**2 + 803*w + 32. Determine p(23).
-1072
Let x(z) = -z**3 + 105*z**2 - 283*z + 3816. Calculate x(103).
-4115
Let o(a) = 15*a**2 - 4531*a + 561. What is o(302)?
259
Let i(u) = u**3 + 524*u**2 + 4137*u + 4643. Calculate i(-516).
-1
Let i(h) = -1433550*h + 90313648. Determine i(63).
-2
Let o(y) = -57*y**3 - 4242*y**2 - 1780*y - 316. What is o(-74)?
-20
Let p(d) = -157*d**2 + 4181*d - 18. Calculate p(27).
-1584
Let f(i) = 6014*i + 1641813. What is f(-273)?
-9
Let m(n) = n**3 + 126*n**2 - 854*n - 8118. Calculate m(-132).
66
Let o(c) = c**3 - 55*c**2 + 104*c + 120. What is o(53)?
14
Let k(d) = 2*d**2 - 813*d - 27171. Determine k(-31).
-46
Let w(i) = -647*i - 3716. What is w(-9)?
2107
Let d(k) = -k**3 + 73*k**2 + 372*k + 1566. Calculate d(78).
162
Let t(c) = -2359*c + 4843. Determine t(2).
125
Let h(l) = -2*l**3 - 9*l**2 - 42*l - 266. What is h(-5)?
-31
Let u(q) = 3937*q + 31573. Give u(-8).
77
Let l(i) = 86123*i + 775064. Give l(-9).
-43
Let d(b) = 2054*b + 306046. Determine d(-149).
0
Let z(m) = 33*m**2 + 486*m - 262. Give z(-13).
-1003
Let q(a) = -a**2 - 422*a - 5311. Determine q(-13).
6
Let q(y) = -63*y**2 + 2895*y + 8696. Determine q(-3).
-556
Let g(f) = -f**2 + 2698*f - 341140. Determine g(133).
5
Let l(d) = -5*d**3 - 496*d**2 + 367*d - 3311. Give l(-100).
-11
Let b(h) = 16*h - 1090. Determine b(18).
-802
Let k(a) = -4157*a - 37583. Determine k(-9).
-170
Let v(i) = 51381*i - 256554. What is v(5)?
351
Let d(r) = 648*r - 235. Give d(-2).
-1531
Let o(q) = 2*q**2 + 66*q + 1176. What is o(-21)?
672
Let t(l) = -444*l**2 - 9*l - 1. Determine t(-1).
-436
Let q(l) = -5672*l - 1321586. Determine q(-233).
-10
Let r(m) = 101*m**3 + 1019*m**2 + 16*m - 40. Determine r(-10).
700
Let u(n) = -2*n**3 - 181*n**2 - 611*n - 393. Calculate u(-87).
-219
Let u(f) = -6*f**3 + 24*f**2 + 3*f - 48. What is u(8)?
-1560
Let z(d) = -233*d**2 + 3257*d + 77. Calculate z(14).
7
Let c(t) = -2*t**3 - 26*t**2 - 1201*t - 12969. What is c(-11)?
-242
Let l(a) = -a**2 + 4358*a + 652939. What is l(-145)?
4
Let r(y) = y**3 - 29*y**2 + 117*y + 295. Determine r(23).
-188
Let p(q) = -4*q**2 - 572*q - 5102. Determine p(-133).
218
Let y(p) = 28*p**2 - 2427*p - 432. Give y(87).
351
Let p(r) = -10*r**2 + 184*r - 486. Calculate p(16).
-102
Let x(v) = -5807*v - 197519. Calculate x(-34).
-81
Let a(c) = -1437*c**2 + 12080*c + 7667. Calculate a(9).
-10
Let a(v) = 2*v**3 + 2*v**2 + 41*v + 71. Give a(-2).
-19
Let c(a) = 4186*a - 20711. Give c(5).
219
Let a(h) = 12721*h - 2137051. Give a(168).
77
Let u(t) = 43405*t + 1041740. Calculate u(-24).
20
Let x(u) = 7*u**3 + 279*u**2 - 66*u - 21281. Determine x(-38).
-1
Let q(o) = 1442*o + 21989. Determine q(-15).
359
Let l(o) = 546*o + 1217. Calculate l(-2).
125
Let o(b) = -b**3 - 96*b**2 - 2315*b - 1441. Give o(-52).
-37
Let k(j) = -21051*j + 4083897. Give k(194).
3
Let u(j) = 2*j**3 - 568*j**2 + 4382*j + 9373. Calculate u(276).
-11
Let q(i) = -i**3 + 358*i**2 - 1072*i + 128155. What is q(356)?
-5
Let p(x) = 1371*x - 4186. What is p(3)?
-73
Let z(x) = -x**3 - 18*x**2 + 173*x + 2273. Give z(-22).
403
Let h(d) = 4*d**2 + 15427*d - 15425. Determine h(1).
6
Let q(n) = -3*n**2 + 43*n - 229. Calculate q(7).
-75
Let x(j) = -19038*j + 1770474. Determine x(93).
-60
Let w(a) = a**2 - 1247*a + 97657. Give w(84).
-35
Let u(f) = -32*f**3 - 25*f**2 + 107*f - 30. Calculate u(4).
-2050
Let k(g) = -396*g - 1120. Determine k(-1).
-724
Let z(t) = 1559876*t - 1559875. Give z(1).
1
Let w(j) = -6*j**3 - 312*j**2 - 62*j - 3228. Determine w(-52).
-4
Let x(l) = 3923*l + 188351. Calculate x(-48).
47
Let a(b) = -44007*b - 2376387. Give a(-54).
-9
Let m(h) = 323643*h - 8091077. Give m(25).
-2
Let a(i) = i**3 - 91*i**2 + 2073*i - 2948. Calculate a(53).
179
Let g(z) = -759*z - 929795. Give g(-1225).
-20
Let a(w) = -w**2 + 12787*w + 4355514. Give a(-332).
6
Let p(r) = -r**3 - 515*r**2 + 4168*r + 97. Give p(8).
-31
Let f(v) = -9*v + 2803. Determine f(33).
2506
Let a(y) = 853*y**2 - 11969*y - 11. Determine a(14).
-389
Let q(h) = -241*h**2 + 6680*h + 1923. Determine q(28).
19
Let c(g) = 1494*g + 14846. What is c(-10)?
-94
Let j(z) = -z**2 + 850*z - 160040. Calculate j(281).
-151
Let m(r) = 4139*r + 202254. Determine m(-49).
-557
Let l(w) = 12*w**3 + 447*w**2 + 114*w - 5. What is l(-37)?
-116
Let k(d) = -9949*d + 3054348. Calculate k(307).
5
Let p(l) = 8144*l + 561934. Determine p(-69).
-2
Let r(h) = -2*h**2 + 31*h + 69. What is r(9)?
186
Let o(x) = -x**3 + 381*x**2 + 617*x + 57041. Calculate o(383).
-26
Let h(r) = -3*r**2 - 142*r + 746. Determine h(-45).
1061
Let z(j) = 313*j**2 + 4614*j - 18469. Calculate z(4).
4995
Let h(o) = 3*o**2 - 104*o - 792. Calculate h(39).
-285
Let g(j) = -78*j**2 - 317*j + 316. Determine g(1).
-79
Let q(n) = -n**3 + 37*n**2 - 65*n - 1380. Determine q(34).
-122
Let l(i) = -508*i**2 + 58921*i + 202. What is l(116)?
-610
Let j(o) = 2*o**3 + 224*o**2 - 1171*o + 547. Give j(-117).
664
Let v(z) = -z**3 - 14*z**2 + 360*z + 5106. Determine v(-15).
-69
Let t(z) = 248*z**3 + 1288*z**2 + 238*z - 4. Determine t(-5).
6
Let r(d) = 63*d**3 + 3338*d**2 - 50*d - 35. Give r(-53).
-194
Let u(i) = -i**2 + 379*i - 31050. What is u(120)?
30
Let j(g) = -37*g**2 - 1770*g - 1509. Calculate j(-47).
-52
Let f(s) = 4*s**2 + 2048*s - 484316. Calculate f(176).
36
Let b(x) = 2*x**2 - 6334*x - 788782. Calculate b(-120).
98
Let y(j) = -44*j**3 - 3*j**2 + 18*j - 16. Give y(1).
-45
Let b(g) = -g**3 - 26*g**2 + 4281*g - 62805. Give b(18).
-3
Let i(q) = q**3 + 46*q**2 + 259*q - 6853. Determine i(-28).
7
Let t(a) = -2*a**3 + 126*a**2 - 117*a - 593. What is t(62)?
-159
Let h(l) = -l**3 + 284*l**2 - 4835*l - 53015. What is h(265)?
-15
Let b(u) = 27724*u - 4103147. Calculate b(148).
5
Let p(v) = 285*v + 9664. Give p(-34).
-26
Let a(i) = 7*i**2 - 1419*i + 9232. Determine a(196).
20
Let b(r) = -989*r - 5123. What is b(-5)?
-178
Let k(f) = -f**2 - 82*f + 6682. Calculate k(-132).
82
Let k(n) = -7142*n + 549925. What is k(77)?
-9
Let k(m) = -m - 67. Determine k(18).
-85
Let m(i) = i**3 + 76*i**2 - 126*i + 631. Determine m(-78).
-1709
Let q(j) = -867*j - 13855. Calculate q(-16).
17
Let k(u) = -u**3 + 3274*u**2 + 6639*u + 168. What is k(-2)?
-6
Let m(x) = -9*x**2 + 57*x + 48. Calculate m(-16).
-3168
Let g(d) = 1021*d - 30085. Determine g(27).
-2518
Let l(v) = 37*v**3 - 2700*v**2 - 77*v + 281. Give l(73).
-11
Let p(z) = 98*z**2 + 9020*z + 333. Give p(-92).
-35
Let k(d) = 4*d**3 - 438*d**2 + 3800*d - 150. Give k(100).
-150
Let u(z) = 5639*z - 10929. What is u(2)?
349
Let a(v) = 88267*v - 1500534. Determine a(17).
5
Let g(i) 